tors of l(d).
2, 5, 7
Let z = 2021 - 159. List the prime factors of z.
2, 7, 19
Let m = 61 - 121. Let c = m + 160. What are the prime factors of c?
2, 5
Let y be (-1 - 1)/2 + 5 + 0. Suppose 0 = 4*j + y*k - 245 - 127, j + 5*k - 81 = 0. What are the prime factors of j?
2, 3
Suppose -12 = b - 4*b - 3*u, -u = 0. Suppose -2 = -t + b*k, 2*k + k = 0. Suppose 0 = -g + 3*g + t*z - 86, -145 = -3*g + z. What are the prime factors of g?
47
Let o = -85 - -37. Let y = o - -87. List the prime factors of 4/(4/y) + 0.
3, 13
Suppose 9*y - 4*y + 450 = -5*a, 2*y = -4*a - 176. Let z be (-8)/12 + 52/6. List the prime factors of (28/z + -4)*y.
2, 23
Suppose 0 = 3*k - u + 2, 0 = -k + u + u - 9. List the prime factors of k + 55 + 0 + -3.
53
Let g be 4/(-14) + (3 - 16/(-56)). Suppose g*t + 10*t = 2561. List the prime factors of t.
197
Let r = -35 + 244. List the prime factors of r.
11, 19
Suppose -t + 2*p = -16, 5*t - 3*t - 30 = 3*p. Suppose 5*n - o - 7 - 17 = 0, -4*o - t = n. What are the prime factors of n?
2
Let d be (-48)/12*(-3)/2. Suppose -2*u = 2*h - 158, -2*h - d = -5*h. What are the prime factors of u?
7, 11
Let j(f) = -5*f**3 + 4*f + 3. What are the prime factors of j(-1)?
2
Suppose 4*o - 41 = -29. Suppose -q + 4*v - 218 = -o*q, -25 = -5*v. List the prime factors of q.
3, 11
Let s = 208 - -207. What are the prime factors of s?
5, 83
List the prime factors of (-150318)/42*-2*1/2.
3, 1193
Let x(f) = f**2 + 24*f - 50. Let p be x(-26). Suppose 59 = -p*t + 97. List the prime factors of t.
19
Let o be (-206)/3*6/(-4). Suppose 313 = 5*g + o. List the prime factors of g.
2, 3, 7
Let o be (35/(-15))/(2/(-6)). Suppose 2*t - o*t = -425. What are the prime factors of t?
5, 17
Let r(t) = -t + 16. Let b be r(-11). Let g = b - 19. List the prime factors of g.
2
Let h be 1982 - 4/(-1 - 3). Suppose -6*u + h = -7*u. What are the prime factors of u/(-39) + 12/78?
3, 17
Let u be (-3 - -2 - -2)*(47 - 0). Let w = 90 - u. What are the prime factors of w?
43
Suppose 8*g - 11*g + 2149 = -2*q, 2*g - 4*q - 1430 = 0. What are the prime factors of g?
3, 239
Suppose 2*j + 21 = c - 2*j, 2*c - 38 = 4*j. Let d = -25 + c. Let n(q) = -q**3 - 7*q**2 + 5*q - 3. What are the prime factors of n(d)?
3, 7
Suppose 3*m + 2*m = 0. Let j be 1/(-1) - (m - -3). List the prime factors of 55/2 - j/8.
2, 7
What are the prime factors of 332 - (-4 - (-1 + -4))?
331
Suppose -2*v + b = -3*b - 64, -2*v + 5*b = -67. Suppose 4*x + 10 = v. Suppose -4*u - u - 4*r = -69, -x*u + 56 = 3*r. What are the prime factors of u?
17
Let a = 120 - 78. Suppose 10*h - a = 3*h. Suppose 12 = h*j - 0. List the prime factors of j.
2
Let c(h) = 4*h**2 + 11*h - 4. List the prime factors of c(7).
269
Let b(j) = -j**2 - 3*j - 2. Let k be b(7). Let q be 2 + k/(-4) - -3. Suppose 0 = -4*o + 127 - q. List the prime factors of o.
2, 13
Let z(i) = i**2 + 3*i + 6. Let p(w) = 3*w**2 + 10*w + 17. Let s(l) = -4*p(l) + 14*z(l). List the prime factors of s(5).
2, 19
List the prime factors of (18/8)/(1 + (-671)/704).
2, 3
Let w = -3 - -3. Let l be 0/(1 + w) - 0. Suppose 4*r - 2*o - 25 - 23 = 0, l = 5*o. What are the prime factors of r?
2, 3
Let v(y) = -y**3 + 15*y + 1065. What are the prime factors of v(0)?
3, 5, 71
What are the prime factors of (2 - 12)*-587 + 4?
2, 3, 11, 89
Let n(z) = 32*z**3 - 17*z**2 - 11*z + 28. What are the prime factors of n(4)?
2, 5, 11
Let s(n) = 6*n - 15. Let w be s(5). Let q(x) = 8*x - 53. What are the prime factors of q(w)?
67
Let q(g) = 3*g**2 - g + 1. Let l be q(1). Let k = 105 + -93. List the prime factors of 7 - (-4)/(k/l).
2
Let h be (-7)/((-35)/15) - 3. Suppose h*o - 4*o = 2*l - 72, 4*l = -5*o + 84. List the prime factors of o.
2, 5
Suppose -c = -5 + 3. Suppose -c*t + 44 = -0*t. Let x = 0 + t. List the prime factors of x.
2, 11
Suppose 5*a + q = 3148, 6*q = -2*a + q + 1250. List the prime factors of a.
2, 3, 5, 7
Suppose -11*p - g = -7*p - 8859, 3*g + 15 = 0. What are the prime factors of p?
2, 277
Let m be 3 + -1 - (2 - 0). Suppose 4*x - 5*j = 11, 70*x - 5*j = 65*x + 15. Let p = x + m. List the prime factors of p.
2
Let x(l) = -2*l**3 + 15*l**2 - 17*l - 54. What are the prime factors of x(-8)?
2, 1033
Let u = 857 + 353. Let r be (u/33)/((-1)/(-3)). Suppose -s = s - r. What are the prime factors of s?
5, 11
Let o(c) = -c**3 - 6*c**2 - 6*c - 2. Let h = 11 + -9. Suppose 3*k = -0*l - l - 14, 2*l - h*k + 4 = 0. What are the prime factors of o(l)?
3
Suppose 2*x = 3*t + 504 + 2075, x + 5*t = 1257. List the prime factors of x.
2, 641
Let a(g) = -3*g + 36. Let b be a(12). Suppose -3*x - 4*q + 2*q = -551, b = 3*x + 4*q - 559. List the prime factors of x.
181
Let p(w) = -w**2 + 9*w - 4. Let k be p(8). Suppose 3*z - 114 = -k*o, -z + 10 = o - 29. List the prime factors of z.
2, 3, 7
Let y be 1*2/(6/57). Let l(s) = 13*s - 2. Let j be l(3). Let d = j - y. What are the prime factors of d?
2, 3
Let b be 310*2/((-12)/(-9)). Let s be b/(-12) + (-3)/(-4). Let w = -23 - s. What are the prime factors of w?
3, 5
Let g = -24 + 91. What are the prime factors of g?
67
Let c = -12 - -9. Let r = 3 + c. Suppose -3*o + r*o + 124 = 5*n, 2*n + 3*o - 46 = 0. List the prime factors of n.
2, 13
Let s(l) = -14*l**3 - l**2 + 2. Suppose 4*p = 4*c - 8, 4 = -2*p - 2*c - 0*c. What are the prime factors of s(p)?
2, 5, 11
Let b(v) = 2*v**2 + v. Let h(q) be the first derivative of -2*q**3/3 - 5. Let m(g) = -3*b(g) - 4*h(g). What are the prime factors of m(3)?
3
Suppose -5 = -b, -5*f - 5*b + 2*b + 920 = 0. Suppose -2*r - 3*o + 303 = 3*r, f = 3*r + o. List the prime factors of r.
2, 3, 5
Let q = -10 - -15. Suppose q*x = 30 - 5. Let a = x + 15. What are the prime factors of a?
2, 5
List the prime factors of 2*(6 - (-11166)/12).
1873
Let g = 522 - 351. Let f = g + -71. List the prime factors of f.
2, 5
Let j(q) = -9*q - 3. Let a(h) = -3*h**2 - 1. Let r(i) = i + 2. Let o be r(-3). Let s be a(o). List the prime factors of j(s).
3, 11
Suppose -3*b - 7 = 17. Let c = 151 - b. List the prime factors of c.
3, 53
Let k(i) = -756*i + 102. What are the prime factors of k(-1)?
2, 3, 11, 13
Let t(k) = -14*k**3 - 9 + 11 - 3*k - 4. What are the prime factors of t(-1)?
3, 5
Suppose -9*w + 325 = 55. Let c = w + -11. What are the prime factors of c?
19
Let k(b) = -119*b - 3. Let s be k(-1). Suppose -2*x + s = -0*x. What are the prime factors of x?
2, 29
Let b(u) be the third derivative of 0*u + 2*u**2 + 0 - 1/6*u**3 - 1/12*u**4. List the prime factors of b(-9).
17
Let v = 5 + -2. Let r(u) = -4*u**3 - u**2 + 2*u - 2. Let s be r(-2). Let f = v + s. List the prime factors of f.
5
Suppose 25 = 5*d, 275 = 5*x - 0*d + 3*d. Suppose 5*i + j - 11 - 9 = 0, 20 = -4*j. Suppose -x = -i*b + 3*b. What are the prime factors of b?
2, 13
Let k(d) be the third derivative of -d**5/30 - d**4/3 + 2*d**3/3 - 5*d**2. Let i be k(-4). Suppose 2*x - i*x = -12. What are the prime factors of x?
2, 3
What are the prime factors of 70 - ((-5)/(-5) - -3 - 4)?
2, 5, 7
Let b = 2939 + -1641. List the prime factors of b.
2, 11, 59
Let s(o) = o**2 + 3*o - 4. Let d be s(-6). Suppose -j + 11 = 5*b, -2*j = -2*b + 4*b - d. What are the prime factors of j?
2, 3
Let h = 14 - 10. Let v be (-6)/h*(1 - -3). Let z(b) = -b**2 - 8*b - 1. What are the prime factors of z(v)?
11
Let n = -17 + 25. Suppose -1 + 9 = -4*z, 0 = 2*l + 4*z + n. Suppose 4*d - 80 = -l*d. List the prime factors of d.
2, 5
Suppose -2*b = -3*b. Suppose -4*f - 5*o - 33 = b, 2*o + 27 = -5*f + 7. List the prime factors of 32*(-3)/f*1.
2, 3
Let k(v) = -30*v - 14. List the prime factors of k(-8).
2, 113
Let n(v) = -v**3 + 44*v**2 - 73*v - 58. What are the prime factors of n(39)?
2, 5, 47
What are the prime factors of 1 - (3 + 1 + -124)?
11
Suppose -38*c + 11173 = -48639. List the prime factors of c.
2, 787
Suppose -1 - 7 = -4*m. Suppose -4*l + m*a + 51 = -a, -l - 5*a - 16 = 0. What are the prime factors of l?
3
Suppose 4*r - 2*z = 0, -28 = -0*r + 4*r + 5*z. What are the prime factors of (-256)/(-6) - ((-10)/(-6) + r)?
43
Suppose 5*b = 2*r - 323, 3 = 3*b + 6. Let l be (146/(-6))/(1/(-6)). Suppose 0 = 5*p - l - r. List the prime factors of p.
61
Suppose 9*k - 6 = 66. Suppose -3*f + k = 2, -b - 3*f + 39 = 0. What are the prime factors of b?
3, 11
Let m(j) = j**3 - 4*j**2 + 3*j + 3. Let l be m(4). Suppose -2*f + 2*t = -74, -l = -f - 5*t + 4. Let d = f + 3. What a